Dec 01 05:16:10.881 INFO testing rasviitanen/valency against master#8940af3cea4a9a9deabcaf843b2f8cad9a83fc61 for beta-1.31-5
Dec 01 05:16:10.883 INFO running `"docker" "create" "-v" "/mnt/big/crater/work/local/target-dirs/beta-1.31-5/worker-2/master#8940af3cea4a9a9deabcaf843b2f8cad9a83fc61:/target:rw,Z" "-v" "/mnt/big/crater/work/local/test-source/worker-2/beta-1.31-5/master#8940af3cea4a9a9deabcaf843b2f8cad9a83fc61:/source:ro,Z" "-v" "/mnt/big/crater/work/local/cargo-home:/cargo-home:ro,Z" "-v" "/mnt/big/crater/work/local/rustup-home:/rustup-home:ro,Z" "-e" "USER_ID=1000" "-e" "SOURCE_DIR=/source" "-e" "USER_ID=1000" "-e" "CMD=cargo +8940af3cea4a9a9deabcaf843b2f8cad9a83fc61-alt build --frozen" "-e" "CARGO_TARGET_DIR=/target" "-e" "CARGO_INCREMENTAL=0" "-e" "RUST_BACKTRACE=full" "-e" "RUSTFLAGS=--cap-lints=warn" "-e" "CARGO_HOME=/cargo-home" "-e" "RUSTUP_HOME=/rustup-home" "-m" "1536M" "--network" "none" "crater"`
Dec 01 05:16:11.364 INFO [stdout] 2b0dd2a7d9c5e0dae5901e4d4c18fe3dccd63c69876ec8a2fee4d768ce3de01b
Dec 01 05:16:11.366 INFO running `"docker" "start" "-a" "2b0dd2a7d9c5e0dae5901e4d4c18fe3dccd63c69876ec8a2fee4d768ce3de01b"`
Dec 01 05:16:12.815 INFO [stderr] usermod: no changes
Dec 01 05:16:13.327 INFO [stderr]    Compiling mopa v0.2.2
Dec 01 05:16:13.327 INFO [stderr]    Compiling tuple_utils v0.2.0
Dec 01 05:16:13.342 INFO [stderr]    Compiling cgmath v0.16.1
Dec 01 05:16:13.342 INFO [stderr]    Compiling mint v0.5.1
Dec 01 05:16:13.351 INFO [stderr]    Compiling xi-unicode v0.1.0
Dec 01 05:16:13.351 INFO [stderr]    Compiling wavefront_obj v5.1.0
Dec 01 05:16:13.351 INFO [stderr]    Compiling hetseq v0.2.0
Dec 01 05:16:13.352 INFO [stderr]    Compiling claxon v0.3.2
Dec 01 05:16:14.439 INFO [stderr]    Compiling hound v3.4.0
Dec 01 05:16:16.011 INFO [stderr]    Compiling float-ord v0.2.0
Dec 01 05:16:16.195 INFO [stderr]    Compiling fluent-locale v0.4.1
Dec 01 05:16:19.003 INFO [stderr]    Compiling cmake v0.1.35
Dec 01 05:16:19.004 INFO [stderr]    Compiling minimp3-sys v0.3.0
Dec 01 05:16:19.021 INFO [stderr]    Compiling xcb v0.8.2
Dec 01 05:16:19.021 INFO [stderr]    Compiling slice-deque v0.1.14
Dec 01 05:16:19.079 INFO [stderr]    Compiling alsa-sys v0.1.2
Dec 01 05:16:19.187 INFO [stderr]    Compiling servo-fontconfig-sys v4.0.7
Dec 01 05:16:19.643 INFO [stderr]    Compiling fxhash v0.2.1
Dec 01 05:16:22.468 INFO [stderr]    Compiling rustc-hash v1.0.1
Dec 01 05:16:24.007 INFO [stderr]    Compiling ogg v0.7.0
Dec 01 05:16:24.258 INFO [stderr]    Compiling annotate-snippets v0.1.0
Dec 01 05:16:24.315 INFO [stderr]    Compiling servo-freetype-sys v4.0.4
Dec 01 05:16:24.343 INFO [stderr]    Compiling expat-sys v2.1.6
Dec 01 05:16:24.413 INFO [stderr] error: failed to run custom build command for `alsa-sys v0.1.2`
Dec 01 05:16:24.414 INFO [stderr] process didn't exit successfully: `/target/debug/build/alsa-sys-ee14a39587dcb5bb/build-script-build` (exit code: 101)
Dec 01 05:16:24.414 INFO [stderr] --- stderr
Dec 01 05:16:24.414 INFO [stderr] thread 'main' panicked at 'called `Result::unwrap()` on an `Err` value: "`\"pkg-config\" \"--libs\" \"--cflags\" \"alsa\"` did not exit successfully: exit code: 1\n--- stderr\nPackage alsa was not found in the pkg-config search path.\nPerhaps you should add the directory containing `alsa.pc\'\nto the PKG_CONFIG_PATH environment variable\nNo package \'alsa\' found\n"', libcore/result.rs:1009:5
Dec 01 05:16:24.415 INFO [stderr] stack backtrace:
Dec 01 05:16:24.415 INFO [stderr]    0:     0x55ba9ce347af - std::sys::unix::backtrace::tracing::imp::unwind_backtrace::h3a8b83e1922cbdde
Dec 01 05:16:24.415 INFO [stderr]                                at libstd/sys/unix/backtrace/tracing/gcc_s.rs:49
Dec 01 05:16:24.415 INFO [stderr]    1:     0x55ba9ce40787 - std::sys_common::backtrace::print::h00d3155a29b4020f
Dec 01 05:16:24.415 INFO [stderr]                                at libstd/sys_common/backtrace.rs:71
Dec 01 05:16:24.416 INFO [stderr]                                at libstd/sys_common/backtrace.rs:59
Dec 01 05:16:24.416 INFO [stderr]    2:     0x55ba9ce3964f - std::panicking::default_hook::{{closure}}::hd7465c742e79e1bb
Dec 01 05:16:24.416 INFO [stderr]                                at libstd/panicking.rs:211
Dec 01 05:16:24.416 INFO [stderr]    3:     0x55ba9ce393b4 - std::panicking::default_hook::h9e3966f2aa2a6e12
Dec 01 05:16:24.417 INFO [stderr]                                at libstd/panicking.rs:227
Dec 01 05:16:24.417 INFO [stderr]    4:     0x55ba9ce39c7e - std::panicking::rust_panic_with_hook::h587f091ae747d080
Dec 01 05:16:24.417 INFO [stderr]                                at libstd/panicking.rs:476
Dec 01 05:16:24.417 INFO [stderr]    5:     0x55ba9ce39821 - std::panicking::continue_panic_fmt::hb3a4fdede87f43a8
Dec 01 05:16:24.418 INFO [stderr]                                at libstd/panicking.rs:390
Dec 01 05:16:24.418 INFO [stderr]    6:     0x55ba9ce39705 - rust_begin_unwind
Dec 01 05:16:24.418 INFO [stderr]                                at libstd/panicking.rs:325
Dec 01 05:16:24.418 INFO [stderr]    7:     0x55ba9ce7b2cc - core::panicking::panic_fmt::h6f9cebf5e7474a0b
Dec 01 05:16:24.419 INFO [stderr]                                at libcore/panicking.rs:77
Dec 01 05:16:24.419 INFO [stderr]    8:     0x55ba9cdebe2f - core::result::unwrap_failed::hf591ada7b739c991
Dec 01 05:16:24.419 INFO [stderr]                                at libcore/macros.rs:26
Dec 01 05:16:24.419 INFO [stderr]    9:     0x55ba9cdebc89 - <core::result::Result<T, E>>::unwrap::hb7e031485f6ccf5b
Dec 01 05:16:24.420 INFO [stderr]                                at libcore/result.rs:808
Dec 01 05:16:24.420 INFO [stderr]   10:     0x55ba9cdeba85 - build_script_build::main::h291fc9bd867d0cb6
Dec 01 05:16:24.420 INFO [stderr]                                at /cargo-home/registry/src/github.com-1ecc6299db9ec823/alsa-sys-0.1.2/build.rs:4
Dec 01 05:16:24.420 INFO [stderr]   11:     0x55ba9cdeba2f - std::rt::lang_start::{{closure}}::h417bfd793de8d962
Dec 01 05:16:24.421 INFO [stderr]                                at libstd/rt.rs:74
Dec 01 05:16:24.421 INFO [stderr]   12:     0x55ba9ce396f2 - std::panicking::try::do_call::h52e7f80ff0fdcc45
Dec 01 05:16:24.421 INFO [stderr]                                at libstd/rt.rs:59
Dec 01 05:16:24.421 INFO [stderr]                                at libstd/panicking.rs:310
Dec 01 05:16:24.422 INFO [stderr]   13:     0x55ba9ce4b739 - __rust_maybe_catch_panic
Dec 01 05:16:24.422 INFO [stderr]                                at libpanic_unwind/lib.rs:102
Dec 01 05:16:24.422 INFO [stderr]   14:     0x55ba9ce2927a - std::rt::lang_start_internal::h38cae898de7f805c
Dec 01 05:16:24.422 INFO [stderr]                                at libstd/panicking.rs:289
Dec 01 05:16:24.427 INFO [stderr]                                at libstd/panic.rs:392
Dec 01 05:16:24.427 INFO [stderr]                                at libstd/rt.rs:58
Dec 01 05:16:24.427 INFO [stderr]   15:     0x55ba9cdeba08 - std::rt::lang_start::hac298d1ffbd57b2c
Dec 01 05:16:24.428 INFO [stderr]                                at libstd/rt.rs:74
Dec 01 05:16:24.428 INFO [stderr]   16:     0x55ba9cdebac9 - main
Dec 01 05:16:24.428 INFO [stderr]   17:     0x7f31c933b82f - __libc_start_main
Dec 01 05:16:24.428 INFO [stderr]   18:     0x55ba9cdeb448 - _start
Dec 01 05:16:24.429 INFO [stderr]   19:                0x0 - <unknown>
Dec 01 05:16:24.429 INFO [stderr] 
Dec 01 05:16:24.429 INFO [stderr] warning: build failed, waiting for other jobs to finish...
Dec 01 05:16:25.267 INFO [stderr] error: failed to run custom build command for `xcb v0.8.2`
Dec 01 05:16:25.267 INFO [stderr] process didn't exit successfully: `/target/debug/build/xcb-53cec99374eee84d/build-script-build` (exit code: 101)
Dec 01 05:16:25.267 INFO [stderr] --- stderr
Dec 01 05:16:25.267 INFO [stderr] error occured in handler:  ('request: ', ('xcb', 'Shm', 'CreateSegment'))
Dec 01 05:16:25.267 INFO [stderr] Traceback (most recent call last):
Dec 01 05:16:25.267 INFO [stderr]   File "/cargo-home/registry/src/github.com-1ecc6299db9ec823/xcb-0.8.2/rs_client.py", line 2448, in <module>
Dec 01 05:16:25.267 INFO [stderr]     module.generate()
Dec 01 05:16:25.267 INFO [stderr]   File "/cargo-home/registry/src/github.com-1ecc6299db9ec823/xcb-0.8.2/xcbgen/state.py", line 108, in generate
Dec 01 05:16:25.267 INFO [stderr]     self.close()
Dec 01 05:16:25.267 INFO [stderr]   File "/cargo-home/registry/src/github.com-1ecc6299db9ec823/xcb-0.8.2/rs_client.py", line 296, in rs_close
Dec 01 05:16:25.267 INFO [stderr]     _f.writeout(os.path.join(module.rs_srcdir, "ffi", "%s.rs" % _module_name(_ns.ext_name)))
Dec 01 05:16:25.267 INFO [stderr]   File "/cargo-home/registry/src/github.com-1ecc6299db9ec823/xcb-0.8.2/rs_client.py", line 114, in writeout
Dec 01 05:16:25.267 INFO [stderr]     with open(path, 'w') as f:
Dec 01 05:16:25.267 INFO [stderr] OSError: [Errno 30] Read-only file system: '/cargo-home/registry/src/github.com-1ecc6299db9ec823/xcb-0.8.2/src/ffi/shm.rs'
Dec 01 05:16:25.267 INFO [stderr] thread 'main' panicked at 'processing of /cargo-home/registry/src/github.com-1ecc6299db9ec823/xcb-0.8.2/xml/shm.xml returned non-zero (1)', /cargo-home/registry/src/github.com-1ecc6299db9ec823/xcb-0.8.2/build.rs:75:17
Dec 01 05:16:25.267 INFO [stderr] stack backtrace:
Dec 01 05:16:25.267 INFO [stderr]    0:     0x56418ad0d1ff - std::sys::unix::backtrace::tracing::imp::unwind_backtrace::h3a8b83e1922cbdde
Dec 01 05:16:25.267 INFO [stderr]                                at libstd/sys/unix/backtrace/tracing/gcc_s.rs:49
Dec 01 05:16:25.267 INFO [stderr]    1:     0x56418ad185c7 - std::sys_common::backtrace::print::h00d3155a29b4020f
Dec 01 05:16:25.267 INFO [stderr]                                at libstd/sys_common/backtrace.rs:71
Dec 01 05:16:25.267 INFO [stderr]                                at libstd/sys_common/backtrace.rs:59
Dec 01 05:16:25.267 INFO [stderr]    2:     0x56418ad1148f - std::panicking::default_hook::{{closure}}::hd7465c742e79e1bb
Dec 01 05:16:25.267 INFO [stderr]                                at libstd/panicking.rs:211
Dec 01 05:16:25.267 INFO [stderr]    3:     0x56418ad111f4 - std::panicking::default_hook::h9e3966f2aa2a6e12
Dec 01 05:16:25.267 INFO [stderr]                                at libstd/panicking.rs:227
Dec 01 05:16:25.267 INFO [stderr]    4:     0x56418ad11abe - std::panicking::rust_panic_with_hook::h587f091ae747d080
Dec 01 05:16:25.267 INFO [stderr]                                at libstd/panicking.rs:476
Dec 01 05:16:25.267 INFO [stderr]    5:     0x56418ad11661 - std::panicking::continue_panic_fmt::hb3a4fdede87f43a8
Dec 01 05:16:25.267 INFO [stderr]                                at libstd/panicking.rs:390
Dec 01 05:16:25.267 INFO [stderr]    6:     0x56418ad115ae - std::panicking::begin_panic_fmt::h387afc7da9a10555
Dec 01 05:16:25.267 INFO [stderr]                                at libstd/panicking.rs:345
Dec 01 05:16:25.267 INFO [stderr]    7:     0x56418acf5f16 - build_script_build::main::{{closure}}::h56fb433355841c53
Dec 01 05:16:25.267 INFO [stderr]                                at /cargo-home/registry/src/github.com-1ecc6299db9ec823/xcb-0.8.2/build.rs:75
Dec 01 05:16:25.267 INFO [stderr]    8:     0x56418acf471c - build_script_build::visit_xml::h6abd0be0e144917d
Dec 01 05:16:25.267 INFO [stderr]                                at /cargo-home/registry/src/github.com-1ecc6299db9ec823/xcb-0.8.2/build.rs:20
Dec 01 05:16:25.267 INFO [stderr]    9:     0x56418acf5264 - build_script_build::main::h961b67c6e401fc9f
Dec 01 05:16:25.267 INFO [stderr]                                at /cargo-home/registry/src/github.com-1ecc6299db9ec823/xcb-0.8.2/build.rs:56
Dec 01 05:16:25.267 INFO [stderr]   10:     0x56418acf827f - std::rt::lang_start::{{closure}}::h8c17abe7f23af1a7
Dec 01 05:16:25.267 INFO [stderr]                                at libstd/rt.rs:74
Dec 01 05:16:25.267 INFO [stderr]   11:     0x56418ad11532 - std::panicking::try::do_call::h52e7f80ff0fdcc45
Dec 01 05:16:25.268 INFO [stderr]                                at libstd/rt.rs:59
Dec 01 05:16:25.268 INFO [stderr]                                at libstd/panicking.rs:310
Dec 01 05:16:25.268 INFO [stderr]   12:     0x56418ad23579 - __rust_maybe_catch_panic
Dec 01 05:16:25.268 INFO [stderr]                                at libpanic_unwind/lib.rs:102
Dec 01 05:16:25.268 INFO [stderr]   13:     0x56418ad0169a - std::rt::lang_start_internal::h38cae898de7f805c
Dec 01 05:16:25.268 INFO [stderr]                                at libstd/panicking.rs:289
Dec 01 05:16:25.268 INFO [stderr]                                at libstd/panic.rs:392
Dec 01 05:16:25.268 INFO [stderr]                                at libstd/rt.rs:58
Dec 01 05:16:25.268 INFO [stderr]   14:     0x56418acf8258 - std::rt::lang_start::h8ede6b00714158c2
Dec 01 05:16:25.268 INFO [stderr]                                at libstd/rt.rs:74
Dec 01 05:16:25.268 INFO [stderr]   15:     0x56418acf6059 - main
Dec 01 05:16:25.268 INFO [stderr]   16:     0x7fdc48fcc82f - __libc_start_main
Dec 01 05:16:25.268 INFO [stderr]   17:     0x56418acedf68 - _start
Dec 01 05:16:25.268 INFO [stderr]   18:                0x0 - <unknown>
Dec 01 05:16:25.268 INFO [stderr] 
Dec 01 05:16:25.268 INFO [stderr] warning: build failed, waiting for other jobs to finish...
Dec 01 05:16:29.406 INFO [stderr] error: build failed
Dec 01 05:16:29.406 INFO [stderr] su: No module specific data is present
Dec 01 05:16:30.510 INFO running `"docker" "inspect" "2b0dd2a7d9c5e0dae5901e4d4c18fe3dccd63c69876ec8a2fee4d768ce3de01b"`
Dec 01 05:16:30.798 INFO running `"docker" "rm" "-f" "2b0dd2a7d9c5e0dae5901e4d4c18fe3dccd63c69876ec8a2fee4d768ce3de01b"`
Dec 01 05:16:31.235 INFO [stdout] 2b0dd2a7d9c5e0dae5901e4d4c18fe3dccd63c69876ec8a2fee4d768ce3de01b
